-2
Let l be ((-4)/(-10))/((-20)/(-350)). Let k(g) = -g + 1. Determine k(l).
-6
Suppose 12 = -w - w. Let a(b) = 5 + 6*b + 0*b**2 + 0*b**2 + b**2. Determine a(w).
5
Let t(u) be the second derivative of -1/2*u**4 + 0 + 1/6*u**3 + 1/20*u**5 + 0*u**2 + 3*u. Determine t(6).
6
Let g(s) = -s**3 - 2*s + 0*s - 6*s**2 + 3 + 0*s**2. Calculate g(-5).
-12
Let k(w) = w**3 + 6*w**2 + 3*w. Let u(p) = -p**3 - 9*p**2 - 8*p - 5. Suppose 0 = 3*j + 2*z + 18, -4*z + 4 + 40 = -4*j. Let a be u(j). What is k(a)?
10
Let t(o) = -3*o**3 + 2*o**2 + 2*o + 1. Let z(g) = g**3 + 13*g**2 - 31*g - 16. Let h be z(-15). What is t(h)?
4
Let f(q) = -5*q**3 + 2*q + 1. Let r be (-246)/10 - 6/15. Let x = 24 + r. What is f(x)?
4
Suppose -2*o + 1 - 3 = 0. Let n(m) = -5*m. Calculate n(o).
5
Let q(i) = -6*i + 2. Let d be 20/(-15)*3/(-4). Let w(o) = 1. Let y(u) = d*q(u) - 3*w(u). Calculate y(2).
-13
Let w(j) = j**2 + 6*j - 10. Suppose s + s = -14. Let k be w(s). Let y be k/(-6)*(0 + 6). Let b(p) = -p**3 + 3*p**2 - 2. Calculate b(y).
-2
Let w(s) = -s - 1. Let c(j) = j**2 + 2. Let l be c(0). Suppose m + 4*m + 270 = 0. Let o be l/5 + m/10. Calculate w(o).
4
Let z(f) = f - 1. Let u = -4 - -9. Suppose -4*o = 2*g + 18, -g + 2*o - u*o = 11. Determine z(g).
-6
Let g(y) = 7*y - 1. Let m(b) = 3*b. Let f(c) = -2*g(c) + 5*m(c). Calculate f(-8).
-6
Let w = 62 + -62. Let d(h) be the second derivative of -h**3/6 - 5*h**2/2 - h. What is d(w)?
-5
Let w = 13 + 16. Let v = w + -25. Let r(z) = 2*z - 3. Calculate r(v).
5
Let n(w) = -w**3 + 11*w**2 + w - 15. Let s be -22*(3/6)/(-1). Let q be n(s). Let p be (q/10)/(3/30). Let r(x) = -2*x - 3. Calculate r(p).
5
Let z(f) = -f. Let h be z(-2). Let b be 1*3/(-6)*h. Let j(k) = 7*k + 1. Give j(b).
-6
Let s(f) = -f**3 - 3*f**2 - f - 4. Let n(d) = d**3 + 6*d**2 + d + 7. Let t(l) = -3*n(l) - 5*s(l). Let m be 2 + -2*2/(-4). Let o be (-12)/9*m/(-2). Give t(o).
7
Let o be (-12)/(-9)*2*-3. Let p(f) = f**2 + 9*f + 8. Let w be p(o). Suppose d + w = -1. Let q(h) = h - 1. What is q(d)?
-2
Let i(l) = l**2 - 1 + 1 + 4 + l. Let a be i(0). Let n(x) = x**2 - x. Let b(h) = 3*h**2 + 2*h - 2. Let y(z) = -b(z) + 4*n(z). Give y(a).
-6
Let i = -16 + 19. Suppose 3*b + 3*w + 3 = 0, -2*b + i*w = -2*w - 5. Let p(g) = -g + 6. Calculate p(b).
6
Let p be 5*-1*(-4 + 5). Let q = p + 10. Let b(d) = -d**3 + 4*d**2 + 6*d - 1. What is b(q)?
4
Let f(a) = a + 2. Let w(b) = -b - 5. Suppose 0 = t - 1, -5*x - 30 = 8*t - 3*t. Let s(h) = x*f(h) - 3*w(h). Give s(-1).
5
Let m(p) = -p**2 + 4*p - 1. Let v(a) be the second derivative of -a**3/6 - 2*a. Let h be v(1). Let s(q) = -q**2. Let c(z) = h*m(z) + 2*s(z). Calculate c(-2).
5
Let y be (0/(-2 + 1))/1. Suppose y = -4*k + 2*m + 7 + 7, 20 = 5*k - 3*m. Let f(l) = -2 + 1 - 7*l**2 + 1 + l. Give f(k).
-6
Let x = -4 - -8. Let n = x + -1. Let c(r) = -r - 3. Give c(n).
-6
Suppose -2*s - 54 + 14 = 4*d, -50 = 5*d + 2*s. Let c be (-5 - -10)*(-8)/d. Let z(j) be the first derivative of -j**3/3 + 2*j**2 - 1. Determine z(c).
0
Suppose -2*c + 1 = s - 1, 5*s - 2*c - 10 = 0. Let q(h) = h**3 + 3 - h**2 + 4 - h + 2*h**s. Let u = -2 + 2. What is q(u)?
7
Let w(d) be the second derivative of -d**5/20 + d**4/3 + d**3 - 7*d**2/2 + 27*d. Calculate w(5).
-2
Let n(l) = -2*l**2 + 13*l + 1. Let p(c) = 3*c**2 - 19*c - 2. Let z(q) = -7*n(q) - 5*p(q). Suppose -4 = 2*u - 6. Let t be 1 + -1 + 5/u. What is z(t)?
-2
Let r(c) = 1 - 4*c - 3*c + 6*c. Calculate r(5).
-4
Let w = -12 - 1. Let v = 16 + w. Let z(d) = d + 2. Determine z(v).
5
Suppose -15 = v + 4*v. Let z be 0*(-1 - (-2 - -2)). Let w(b) = 2*b - 3 + z - b. Determine w(v).
-6
Let z(o) = o**2 + 1. Let d be z(0). Suppose -4 = -2*x + 2*v, -11 + 5 = -3*x - 3*v. Let h(c) = -5 + x*c + 5. Give h(d).
2
Let o = -8 + 9. Suppose -y + 3 = -o. Let i(p) = 4*p - 6. Determine i(y).
10
Let q(w) be the first derivative of -w**5/20 - 5*w**4/12 - 2*w**3/3 - w**2/2 + w + 1. Let t(y) be the first derivative of q(y). What is t(-4)?
-1
Let l(t) = -16 + 14 + 0*t**2 + t**2. Determine l(3).
7
Let a(m) be the second derivative of m**4/12 - m**3/3 - m**2/2 - 5*m. Determine a(4).
7
Let y = 67 + -60. Let n(i) = i + 3. Give n(y).
10
Let v(x) = 5 - 1 + x - 6*x**2 + 3*x + x**3. Suppose -2*t - 9 = -5*t. Suppose 0 = l - 0*l + 2*i - 13, 0 = t*l + i - 19. Calculate v(l).
-1
Suppose 60 = -4*d + 9*d. Suppose d*q - 15*q - 9 = 0. Let w(k) be the third derivative of -k**4/12 - 2*k**3/3 + k**2. Give w(q).
2
Let i be 0 + 0 + 25 + -1. Suppose -3*q - 14 = -3*g - g, -i = -4*g - 2*q. Let u(k) = 4*k**2 + k - 12. Let j(z) = z**2 - 1. Let o(d) = g*j(d) - u(d). Give o(0).
7
Let z(c) = 1. Suppose -5*j = 2*j - 7. Let w(k) = -k**2 - 7*k. Let h(l) = j*w(l) - z(l). Determine h(-6).
5
Let c(d) = -8*d + 6. Let n(v) = 3*v - 2. Let m(k) = -4*c(k) - 11*n(k). Determine m(-2).
0
Let u(l) be the third derivative of -l**6/120 + l**5/15 - l**4/6 + l**3/2 - 11*l**2. Determine u(3).
0
Suppose -56 = 10*f - 14*f. Let r be (-80)/(-14) + 2/7. Suppose -r = -2*q - f. Let b(n) = n**2 + 3*n + 1. Calculate b(q).
5
Let y(a) = 3*a**3 - 7*a**2 + 6*a + 19. Let g(l) = -5*l**3 + 10*l**2 - 9*l - 29. Let u(i) = -5*g(i) - 8*y(i). Give u(-6).
11
Suppose 0*y + 15 = 3*y - 5*s, -5*y + 3*s + 25 = 0. Let b be (-4)/(-26) + 703/247. Let f(o) = 5*o + o**3 - 6*o**2 + o**b + 0*o - o**3 + 2. Calculate f(y).
2
Let z = -6 + 3. Let a(y) = 4*y - 1 + 4*y**2 + 10*y**3 - 6*y**3 - 3*y**3 - 5*y. Give a(z).
11
Let z(j) = 13*j - 13 - 5 - 6*j + 3*j. Let w(q) = -7*q + 12. Let c(p) = -7*w(p) - 5*z(p). Let v be (-4)/(-6) - (-2)/(-3). Determine c(v).
6
Let j(v) be the first derivative of -v**2 + v - 3. What is j(-6)?
13
Let b = 9 - -13. Let k(y) = b - y**2 - y + 2*y - 25. Determine k(3).
-9
Let w be 1/(2 + (-9)/5). Let y = -10 + 19. Let r(x) = 11 - x - y + 9. Give r(w).
6
Let w(k) = 3*k + 8. Suppose -8*b = 30 + 26. Calculate w(b).
-13
Let x(z) = -2*z**3 - 11*z**2 - 7*z + 7. Let j(h) = -h**3 - 5*h**2 - 3*h + 3. Let l = 4 - 8. Let m(q) = l*x(q) + 9*j(q). Determine m(1).
-2
Suppose -19 = -4*g - 3*q + 5, -2*g = -4*q - 12. Let l(c) = c**2 - 8*c + 7. Calculate l(g).
-5
Suppose -5*o - 8 = -3. Let f = -3 - -8. Let a(r) = -3 + 4 - 2 - f*r. What is a(o)?
4
Suppose -3*x - 4*f = -26, 0*f - 3*f - 43 = -4*x. Suppose -3*r = -4*p - x, 7 + 0 = p + 4*r. Let k = -1 - p. Let j(v) = -v**3 - v**2 - 4. What is j(k)?
-4
Let w = -13 + 16. Let f = w + 1. Let l(d) = d**3 - 4*d**2 - 5. What is l(f)?
-5
Let n(q) = 5 - q**2 + 2*q - 2*q - 1. Calculate n(0).
4
Let u(z) be the second derivative of z**3/6 + z**2/2 - 13*z. Give u(4).
5
Let b(u) = 2*u**3 - 8*u**2 - 9*u + 1. Let c(a) = a**3 - 4*a**2 - 4*a. Let i(r) = -3*b(r) + 5*c(r). What is i(5)?
7
Suppose -4*v + v = -3*t + 6, -v + 3*t - 6 = 0. Let h(l) = 28 + v*l**2 - 32 + l**2 - l. Let q(x) = x + 2. Let a be q(2). Give h(a).
8
Let t(m) = 2 + 2*m + 3 + 4*m**2 - 7 + 2*m**3. Let g = -212 - -210. Calculate t(g).
-6
Let k(j) = -j**2 - 3*j + 6. Let l be 28/(-6) + (-38)/114. Give k(l).
-4
Let h(r) be the third derivative of -7*r**4/24 - 5*r**3/6 - 28*r**2. Determine h(-4).
23
Let z(k) = k**2 + 2*k + 1. Let i(v) = v**3 + 4*v**2 - 5*v - 2. Let o = 59 - 34. Suppose 0 = 6*r - r + o. Let n be i(r). Calculate z(n).
1
Let a(f) be the third derivative of f**4/24 - f**3/6 + 5*f**2. Let n be (-4)/(-6) - (-4)/(-6). Suppose -3*z + n*z = -9. Give a(z).
2
Let b(z) be the first derivative of -z**5/60 - z**4/8 - z**3/2 + 3*z**2/2 - 4. Let y(w) be the second derivative of b(w). Suppose 7 = -4*a - 5. Calculate y(a).
-3
Let x be 3 - 16/(-12)*-3. Let y(o) = -o**3 + 5*o**2 - 4*o + 3. Let i(s) = -1. Let j(h) = x*y(h) - i(h). Determine j(5).
18
Let r(d) = d**2 + 14*d - 4. Let t be r(-14). Let p(x) = -x**3 - 4*x**2 - 2*x + 5. Determine p(t).
13
Let m(g) = -1 + 3*g - 1 - g - 1. Calculate m(4).
5
Let l(c) = -c**2 + 6*c - 4. Let d be l(5). Let p be -4 + (d - 0 - 2). Let r(o) = -o**2 - 5*o - 4. Calculate r(p).
-4
Let c(m) be the second derivative of -m**4/12 - m**3/6 - m. Suppose 4*u = -d + 18, 0*u - u - 6 = -5*d. Give c(d).
-6
Let k(v) = -v**3 - 6*v**2 - 2*v + 4. Let t = 0 - 7. Let p be ((-14)/(-4))/t*10. What is k(p)?
-11
Let v be (-11)/(-6) + (-1)/(-6). Suppose -5*x - v = -3*x. Let t(h) = 4*h. What is t(x)?
-4
Suppose 2*y = 4*l - 30 + 12, -5*l = -4*y - 30. Let u(b) = -b**2 + 5*b - 3. Determine u(l).
3
Let q(v) = -3*v**3 + v**2 - 4*v + 2. Let x(s) = -s**3 + s**2 - s + 